visor of z and 12.
6
Let r(s) = -s**3 + 16*s**2 + 5*s + 19. Let i = 37 + -22. Let x be r(i). Calculate the highest common factor of 29 and x.
29
Suppose 4*z - 205 = 3*m - 9, 4*m + 192 = 4*z. Suppose 56 = 13*j - 113. Calculate the highest common divisor of j and z.
13
Let q be (-4)/(32/364)*(-14)/7. Let w = 25 - 12. Calculate the greatest common factor of w and q.
13
Let x(n) = -n**2 + 10*n - 8. Suppose -2*s + 16 = -0*s. Let t be x(s). Suppose 0 = 5*b + t - 48. What is the greatest common divisor of 1 and b?
1
Let g = 87 + 419. What is the greatest common divisor of g and 46?
46
Suppose 3*v + 804 = 5*s + 339, 2*s - 2*v = 182. Let o be 20/(-1 + -1) + 0. Let a be (-4)/(-10) - 116/o. Calculate the greatest common divisor of a and s.
12
Suppose 5*b = -5*d + 205, -198 = -5*d - 0*d + 2*b. Let g be 110/d + 1/4. Suppose 0 = g*c - 29 + 5. Calculate the greatest common factor of c and 8.
8
Suppose 2*a = 2, -2*c - 337 = -0*a + 5*a. Let u = c + 281. Let j = 11 + -1. What is the greatest common divisor of u and j?
10
Suppose -3*u + 5*u + 3*m = 27, 5*u - 63 = -3*m. Calculate the greatest common factor of u and 12.
12
Let b = 15 + -3. Calculate the greatest common divisor of 18 and b.
6
Let p(y) = -y + 3. Let o be p(4). Let f(s) = -7*s + 6. Let l be f(4). Let x be 1/3*(o - l). Calculate the highest common divisor of 21 and x.
7
Suppose -5*t - 6 = -51. Let p be 0 + 2/(-1) - -2. Suppose p = 3*o - t, 2*o - 3*o + 23 = 4*w. Calculate the highest common factor of w and 5.
5
Let l be 94/(-10) + 4/10. Let h be (-12)/(-54) - 367/l. Suppose 5*f = -3*n + h, -29 = -n - n - 5*f. Calculate the greatest common factor of n and 36.
12
Suppose 5*d - 16 = 3*d. Suppose -2*o = -o - 8. What is the greatest common factor of d and o?
8
Suppose -3*l + 2*o + 27 = 0, 2*o - 1 = -l + 16. What is the greatest common divisor of l and 88?
11
Suppose 4*v - 4*i - 12 = 0, -2*v - 6*i + i - 15 = 0. Let j be 0/(v + -1)*-1. Suppose j = -2*n + 49 + 17. What is the greatest common factor of n and 11?
11
Let t be 16/(-6)*(-3)/2. Suppose -26 - 6 = -3*v + t*u, 2*v - 24 = 2*u. Let z(o) = -61*o - 7. Let q be z(-3). Calculate the greatest common divisor of q and v.
16
Let i(y) = y**3 - 7*y**2 + 9*y - 7. Let m be i(6). Let x = -62 + 117. Calculate the greatest common factor of x and m.
11
Suppose 5*t - 2*o - 86 = 0, -20 = -2*t - 4*o - 0*o. Suppose 0*h = -4*h + t. Calculate the greatest common factor of 28 and h.
4
Let k be ((-16)/10)/((-8)/960). Calculate the greatest common divisor of k and 24.
24
Let n(z) = 3*z + 32. Let j be n(-10). Let p be 274/4 + (-1)/2. Suppose -2*t + s + 72 = -j*s, -2*s - p = -2*t. What is the highest common factor of 15 and t?
15
Let t(n) = -n**3 - 4*n**2 + 6*n - 2. Let v be t(-5). Let g be (102/v)/((-4)/28). What is the highest common factor of g and 17?
17
Suppose 3*i = i - 264. Let d be (-4)/6 - i/9. Calculate the highest common factor of d and 70.
14
Suppose 5*d = 4*p + 81, -3*p - p + 4*d = 84. Let j = p - -40. Calculate the greatest common divisor of j and 4.
4
Let y(k) = k**3 - 6*k**2 + 8*k - 3. Let b be y(5). Suppose m = -5*r - m + 290, 2*m + 70 = r. What is the highest common factor of b and r?
12
Let b(n) = -n - 5. Suppose 0 = -2*s - 3*a - 34, 5*s - 7*a = -2*a - 35. Let l be b(s). Let y be -4*(0 - 2/4). What is the highest common factor of l and y?
2
Let w be 35/(-4)*(2 - -2). Let i be 10/w - (-12)/(-7). Let l be (i/4)/(4/(-24)). What is the highest common divisor of l and 1?
1
Let l(m) = -m + 45. Let n be l(-20). Calculate the greatest common divisor of n and 5.
5
Suppose -18*p + 33 = -7*p. What is the highest common factor of 24 and p?
3
Let x be (-4)/6*(-150)/4. Let v(l) = 38*l**2 - l - 1. Let q be v(-1). Suppose -y + x = -q. Calculate the highest common divisor of 7 and y.
7
Let h(x) = x**2 + x + 4. Let v be h(2). Suppose 4*d + d - 15 = 0. Suppose -64 = -d*j + 56. What is the highest common factor of j and v?
10
Let t(j) = 3*j**2 + 1. Let h be t(-2). Let m be 453/7 + 2/7. Calculate the greatest common factor of h and m.
13
Suppose 3*z - 3 = 27. Suppose 2 = -s - d, -2*s - 16 = 5*d - 0. What is the highest common divisor of z and s?
2
Suppose 11 = 2*g - 3. Suppose -5*k + 66 = -0*k + t, -k = -3*t - 26. What is the highest common factor of g and k?
7
Suppose -2*q - 4*y = -5*y - 3, -q - 2*y = -14. Calculate the greatest common factor of q and 44.
4
Suppose -13 = x - 0*x. Let s = x - -8. Let i be 1/(1/(-2)) - s. Calculate the greatest common divisor of 2 and i.
1
Suppose -o = -3*o. Suppose -1 = 2*z + 5. Let p be (1 - o/z) + 14. What is the greatest common factor of p and 15?
15
Suppose 0*y - 5*q + 149 = 2*y, -4*y - 2*q = -274. Suppose -2*d + 47 = -y. Calculate the highest common factor of 19 and d.
19
Suppose -s = -4*s + 45. Let y = s + 0. Let x = -5 + y. Calculate the greatest common divisor of x and 2.
2
Suppose -5*m + 15 = -0*m. Suppose j + 48 = d - 0*d, -5*j = -m*d + 152. Calculate the highest common divisor of 11 and d.
11
Let s = -2 - -9. Suppose 0*o - 21 = -s*o. What is the highest common divisor of 2 and o?
1
Let m = 62 + -42. Let q(b) = b + 33. Let i be q(17). What is the highest common divisor of m and i?
10
Let g be (-1 + -3)/(2/(-4)). Calculate the greatest common divisor of 80 and g.
8
Let z be (270/(-5))/(6/(-4)). What is the highest common divisor of 90 and z?
18
Let k = -11 + 19. Let u be (8/10)/(k/380). What is the highest common divisor of u and 19?
19
Let k(r) = -4*r - 3. Let m be k(-2). Suppose -3*s + 10 = -m. Suppose -4*w - 2*q = -0*q - 96, 0 = w + s*q - 6. Calculate the highest common divisor of 65 and w.
13
Suppose 3*m + 84 = -0*m. Let t be 42/8 + 7/m. Calculate the highest common divisor of 55 and t.
5
Let p(u) = -4 - 2*u + 2*u**2 + 0*u + 4. Let f be p(-2). What is the greatest common divisor of 84 and f?
12
Let g(f) = -f**3 + f**2 + 4*f + 3. Let j = -1 - 2. Let u be g(j). What is the highest common factor of 18 and u?
9
Let r(j) = 9*j - 15. Let x be r(5). What is the highest common factor of 6 and x?
6
Suppose -4*a = -14 - 94. Suppose -5*x - a = -302. Calculate the greatest common factor of x and 5.
5
Let s(g) be the first derivative of 2*g**3/3 + 5*g**2/2 - 2*g + 1. Let y be s(-4). Let j = y - -18. What is the greatest common factor of 14 and j?
14
Let x = 25 - 3. Suppose -5*i + 130 = -4*p, 0 = -3*i - 3*p - 15 + 66. What is the greatest common divisor of x and i?
22
Let d be -1 + (0 - -1) + 11. Let a(v) = 2*v**3 - 13*v**2 - 17*v + 21. Let m be a(8). Calculate the greatest common factor of m and d.
11
Suppose 12*f = 13*f - 1. Let t = 9 - 1. Calculate the greatest common factor of t and f.
1
Suppose 5*n = 2*n + 6. Suppose 238 = 4*p - 2*c, 0 = 3*p - 5*c + n*c - 186. What is the highest common factor of p and 38?
19
Suppose -4*j + 18 = -2*j. Let s be 18/(-4)*(-28)/2. Calculate the highest common factor of j and s.
9
Suppose 8*j - 3*j - r = -95, 4*r = -4*j - 52. Let n = -85 - j. Let b be n/(-5) - (-2)/(-5). Calculate the greatest common divisor of b and 52.
13
Let j = -7 + 19. Calculate the highest common divisor of j and 30.
6
Let x = -9 - -17. What is the highest common divisor of x and 24?
8
Let i(j) = 3*j**2 - 16*j + 7. Let n be i(7). Let t(q) = q**2 - q - 2. Let m be t(-5). Calculate the highest common factor of m and n.
14
Suppose -4*n = -5*r - 140, -5*n - 5*r + 3 = -127. Suppose q - 4*q = 5*z - 20, 4*q + 5*z = n. Calculate the highest common divisor of 4 and q.
2
Suppose 3*d = -4*f + 2*d + 14, 2*f + 3*d = 2. Suppose f*j + 8 = 0, 2*j + 2*j = 3*p - 38. Let h = -3 - -5. What is the highest common factor of p and h?
2
Let u(m) = -m**3 + 6*m**2 + 7*m + 14. Let t be u(6). Suppose 6 = 2*x - 8. Calculate the greatest common factor of t and x.
7
Suppose 0 = -u + 24 + 12. Calculate the greatest common factor of u and 48.
12
Let s be 50 + -1 - (-2 - -2). Suppose -2*n + 27 = -n + 5*t, -26 = -2*n - 3*t. What is the greatest common factor of n and s?
7
Let j = -50 + 63. Calculate the highest common factor of j and 52.
13
Let x(q) = q**3 - 7*q**2 + 9*q - 3. Let y be x(6). Suppose 0 = 4*j - 2*j - 210. What is the greatest common factor of j and y?
15
Suppose -5*d + 6 = -4. What is the highest common divisor of d and 3?
1
Suppose 0*i - 3*i = -2*k + 111, -5*k - 2*i + 230 = 0. Let p be 32/k - 10/(-3). What is the greatest common factor of p and 1?
1
Let j = 62